re the prime factors of 130035?
3, 5, 8669
List the prime factors of 1649226.
2, 3, 274871
List the prime factors of 66220.
2, 5, 7, 11, 43
List the prime factors of 647938.
2, 17, 19, 59
What are the prime factors of 95267?
95267
What are the prime factors of 1439571?
3, 7, 1399
List the prime factors of 1407224.
2, 7, 13, 1933
What are the prime factors of 206473?
19, 10867
What are the prime factors of 936779?
936779
List the prime factors of 18465597.
3, 683911
What are the prime factors of 22511786?
2, 11, 1023263
List the prime factors of 702373.
7, 19, 5281
What are the prime factors of 8282247?
3, 17, 251, 647
What are the prime factors of 1836113?
23, 97, 823
What are the prime factors of 881446?
2, 440723
List the prime factors of 896837.
896837
What are the prime factors of 387860?
2, 5, 11, 41, 43
What are the prime factors of 5194182?
2, 3, 7, 19, 23, 283
List the prime factors of 7718918.
2, 17, 227027
List the prime factors of 9109617.
3, 11, 276049
What are the prime factors of 500211?
3, 55579
What are the prime factors of 9084141?
3, 11, 89, 1031
What are the prime factors of 159994?
2, 79997
What are the prime factors of 1199158?
2, 47, 12757
What are the prime factors of 1033217?
157, 6581
What are the prime factors of 219436?
2, 7, 17, 461
What are the prime factors of 14331605?
5, 19, 257, 587
List the prime factors of 13561580.
2, 5, 17, 39887
List the prime factors of 82799.
82799
What are the prime factors of 8740950?
2, 3, 5, 19, 3067
What are the prime factors of 26765262?
2, 3, 19, 1373
What are the prime factors of 533971?
533971
What are the prime factors of 372204?
2, 3, 7, 211
List the prime factors of 8778074.
2, 1801, 2437
List the prime factors of 4037353.
67, 60259
What are the prime factors of 950094?
2, 3, 52783
List the prime factors of 816513.
3, 272171
What are the prime factors of 19701?
3, 11, 199
What are the prime factors of 402707?
23, 17509
What are the prime factors of 564888?
2, 3, 23537
What are the prime factors of 150345?
3, 5, 13, 257
List the prime factors of 30276049.
30276049
What are the prime factors of 1472721?
3, 281, 1747
List the prime factors of 96808.
2, 12101
What are the prime factors of 2613411?
3, 43, 2251
List the prime factors of 2835910.
2, 5, 7, 11, 29, 127
List the prime factors of 476148.
2, 3, 39679
What are the prime factors of 190429?
53, 3593
What are the prime factors of 953187?
3, 317729
List the prime factors of 2607861.
3, 241, 3607
List the prime factors of 1267179.
3, 422393
What are the prime factors of 206085?
3, 5, 11, 1249
What are the prime factors of 5458314?
2, 3, 23, 37, 1069
List the prime factors of 1003446.
2, 3, 107, 521
List the prime factors of 8635753.
7, 241, 5119
List the prime factors of 12923613.
3, 337, 4261
List the prime factors of 2475527.
29, 85363
List the prime factors of 291256.
2, 7, 743
List the prime factors of 5428650.
2, 3, 5, 36191
What are the prime factors of 513365?
5, 102673
What are the prime factors of 221242?
2, 7, 15803
What are the prime factors of 3686133?
3, 11, 19, 5879
What are the prime factors of 1093069?
1093069
List the prime factors of 901690.
2, 5, 37, 2437
What are the prime factors of 17234202?
2, 3, 31, 92657
What are the prime factors of 2085642?
2, 3, 13, 2971
List the prime factors of 5018597.
5018597
List the prime factors of 14554363.
17, 856139
What are the prime factors of 8395680?
2, 3, 5, 17491
What are the prime factors of 5347246?
2, 19, 140717
List the prime factors of 248694.
2, 3, 181, 229
What are the prime factors of 3864195?
3, 5, 43, 1997
What are the prime factors of 7788588?
2, 3, 29, 22381
List the prime factors of 3150364.
2, 7, 59, 1907
List the prime factors of 868407.
3, 289469
What are the prime factors of 96494?
2, 48247
What are the prime factors of 344612?
2, 101, 853
What are the prime factors of 2168853?
3, 31, 23321
What are the prime factors of 16176776?
2, 7, 11, 26261
What are the prime factors of 2190949?
73, 30013
List the prime factors of 11866625.
5, 94933
List the prime factors of 8323416.
2, 3, 115603
What are the prime factors of 5429736?
2, 3, 13, 5801
List the prime factors of 5117.
7, 17, 43
What are the prime factors of 304484?
2, 163, 467
List the prime factors of 1053785.
5, 419, 503
What are the prime factors of 1722741?
3, 59, 9733
List the prime factors of 241312.
2, 7541
List the prime factors of 75143.
163, 461
What are the prime factors of 2901820?
2, 5, 145091
List the prime factors of 3725364.
2, 3, 310447
What are the prime factors of 1140351?
3, 380117
What are the prime factors of 68558?
2, 7, 59, 83
List the prime factors of 139714.
2, 69857
What are the prime factors of 113033?
17, 61, 109
What are the prime factors of 93327?
3, 13, 2393
What are the prime factors of 317539?
317539
List the prime factors of 82876.
2, 20719
What are the prime factors of 1719530?
2, 5, 373, 461
List the prime factors of 63199.
63199
What are the prime factors of 296970?
2, 3, 5, 19, 521
What are the prime factors of 1976537?
1976537
List the prime factors of 179402.
2, 271, 331
List the prime factors of 585290.
2, 5, 107, 547
What are the prime factors of 1409466?
2, 3, 61, 3851
List the prime factors of 7053995.
5, 13, 47, 2309
What are the prime factors of 454120?
2, 5, 11353
List the prime factors of 4504285.
5, 733, 1229
What are the prime factors of 18488277?
3, 684751
List the prime factors of 28113181.
28113181
List the prime factors of 25465.
5, 11, 463
List the prime factors of 1071370.
2, 5, 107137
List the prime factors of 11912590.
2, 5, 197, 6047
What are the prime factors of 20222835?
3, 5, 173, 7793
What are the prime factors of 1678335?
3, 5, 41, 2729
List the prime factors of 918313.
11, 31, 2693
List the prime factors of 26211363.
3, 1049, 8329
What are the prime factors of 8336?
2, 521
What are the prime factors of 519204?
2, 3, 7, 883
What are the prime factors of 984887?
59, 16693
List the prime factors of 1198736.
2, 7, 11, 139
List the prime factors of 12625752.
2, 3, 526073
List the prime factors of 11386968.
2, 3, 541, 877
What are the prime factors of 1743070?
2, 5, 7, 37, 673
What are the prime factors of 20451088?
2, 7, 182599
What are the prime factors of 4991713?
23, 31, 7001
What are the prime factors of 181293?
3, 7, 89, 97
List the prime factors of 1619787.
3, 13, 41, 1013
List the prime factors of 4938976.
2, 7, 17, 1297
List the prime factors of 301277.
23, 13099
What are the prime factors of 1248679?
67, 18637
List the prime factors of 2472379.
7, 13, 101, 269
What are the prime factors of 717635?
5, 143527
List the prime factors of 850455.
3, 5, 18899
List the prime factors of 8030172.
2, 3, 669181
What are the prime factors of 2733741?
3, 303749
List the prime factors of 1577855.
5, 17, 19, 977
What are the prime factors of 523416?
2, 3, 113, 193
List the prime factors of 28202.
2, 59, 239
What are the prime factors of 230338?
2, 41, 53
What are the prime factors of 10608734?
2, 5304367
What are the prime factors of 3888762?
2, 3, 167, 3881
List the prime factors of 6044238.
2, 3, 29, 11579
What are the prime factors of 148001?
7, 21143
What are the prime factors of 32810950?
2, 5, 139, 4721
List the prime factors of 10816029.
3, 7, 17, 10099
What are the prime factors of 11065632?
2, 3, 73, 1579
What are the prime factors of 10118481?
3, 523, 6449
List the prime factors of 1344001.
229, 5869
What are the prime factors of 4660097?
13, 29, 47, 263
List the prime factors of 745677.
3, 29, 2857
List the prime factors of 95856.
2, 3, 1997
List the prime factors of 4153156.
2, 7, 23, 6449
What are the prime factors of 1685984?
2, 19, 47, 59
What are the prime factors of 5876951?
17, 523, 661
What are the prime factors of 10390605?
3, 5, 692707
What are the prime factors of 6910779?
3, 2303593
List the prime factors of 14382.
2, 3, 17, 47
What are the prime factors of 16939294?
2, 8469647
List the prime factors of 13330942.
2, 167, 239
What are the prime factors of 86827?
13, 6679
What are the prime factors of 3034096?
2, 13, 29, 503
List the prime factors of 117949.
13, 43, 211
List the prime factors of 18715480.
2, 5, 7, 66841
List the prime factors of 6392560.
2, 5, 79907
List the prime factors of 91479.
3, 30493
What are the 